023
In base 8, what is 20 + 244175507?
244175527
In base 5, what is 3024241202 + 33?
3024241240
In base 7, what is -26334065322 - 5?
-26334065330
In base 7, what is -463 - -1203425?
1202632
In base 8, what is 12455346 - 2?
12455344
In base 12, what is 9 - -83103a1?
83103aa
In base 3, what is -1201012221 + 2122121?
-1121120100
In base 14, what is -137 - 7709?
-7842
In base 5, what is 21 - 22422340022?
-22422340001
In base 13, what is 2cb98 - -913?
307ab
In base 9, what is 5 - -5438208?
5438214
In base 10, what is -17957208 + 10?
-17957198
In base 11, what is 29363 + -92?
29281
In base 9, what is -1388608 - -1758?
-1386740
In base 14, what is 3327 - -94?
33bb
In base 16, what is 98115 - 84?
98091
In base 7, what is 266 - -41064?
41363
In base 4, what is 11223 + 3123200?
3201023
In base 9, what is -5324 - -17054?
11630
In base 13, what is 9b3a4c5 + 11?
9b3a506
In base 16, what is -657 + 57a2?
514b
In base 6, what is -25 - -45130232?
45130203
In base 4, what is 12111211 + -30231?
12020320
In base 4, what is -2302331 - -123232300?
120323303
In base 9, what is -2 - -321005?
321003
In base 3, what is -20000 + -1122120220?
-1122210220
In base 12, what is -16573785 - -7?
-1657377a
In base 7, what is -4 - -2022231403?
2022231366
In base 6, what is 203335121 + -40?
203335041
In base 4, what is 2212132 + 3110?
2221302
In base 2, what is 10000101110001001010 + -101111?
10000101110000011011
In base 14, what is 180aa41 + 4?
180aa45
In base 6, what is 24224 - 203?
24021
In base 3, what is 1122211121 - -122000?
1200110121
In base 7, what is 30641 - -1056?
32030
In base 13, what is -2 - -704b53?
704b51
In base 7, what is -222336 + -13316?
-235655
In base 10, what is -176 + 34231?
34055
In base 10, what is 1 - -25508852?
25508853
In base 4, what is 210110 + 1122331?
1333101
In base 16, what is -7613 - 322?
-7935
In base 15, what is a - -703bd?
703c8
In base 12, what is 99b5 - 247?
976a
In base 4, what is 12100 - 220200222?
-220122122
In base 10, what is -9 + -154332?
-154341
In base 5, what is 0 - -34101431244?
34101431244
In base 14, what is 51916d0 + 0?
51916d0
In base 11, what is -1a150 - -3803?
-16448
In base 15, what is 91481 + -3bd?
910b3
In base 2, what is -1010011000010101100110001 - 1?
-1010011000010101100110010
In base 14, what is 1 + 1bb4719?
1bb471a
In base 16, what is 454 + 1310?
1764
In base 13, what is -4a68a63 - -12?
-4a68a51
In base 5, what is 2141424 - -32221?
2224200
In base 10, what is 481560197 - 5?
481560192
In base 12, what is -2603 - -2a13?
410
In base 2, what is -1011110010111000 - 10100101?
-1011110101011101
In base 16, what is d78b + 4e24?
125af
In base 8, what is 4 + 101003441?
101003445
In base 11, what is 7243 - 1354?
599a
In base 4, what is 31021 + -1003022?
-312001
In base 10, what is 638 + -14384?
-13746
In base 12, what is -1070a0 + 6a?
-107032
In base 5, what is 134404303301 + 3?
134404303304
In base 16, what is 256ae + -3a0?
2530e
In base 8, what is -24472264 - -4?
-24472260
In base 5, what is 3423312 + 11323?
3440140
In base 5, what is 32414 + 302034?
340003
In base 3, what is -212 + 11220012222001?
11220012221012
In base 5, what is -4 + -21023020111?
-21023020120
In base 15, what is -4 - -4a9918?
4a9914
In base 3, what is -102 + -2011010212100?
-2011010212202
In base 12, what is 2 - 786068?
-786066
In base 12, what is -6719 + 723?
-5bb6
In base 15, what is 15d02c - 2?
15d02a
In base 15, what is -b4e3 - 2?
-b4e5
In base 14, what is 5 + 11c506?
11c50b
In base 8, what is -552 + 4025762?
4025210
In base 3, what is 1202 - 20110020010221?
-20110020002012
In base 4, what is 33 + 31313201020?
31313201113
In base 10, what is 189380 + 192?
189572
In base 16, what is -54d + -3ed4?
-4421
In base 7, what is 5 - 240513650?
-240513642
In base 10, what is 1337 - 59593?
-58256
In base 3, what is -101 + 20020021212200?
20020021212022
In base 10, what is 23 + 330798?
330821
In base 6, what is 1213313355 + 5?
1213313404
In base 16, what is 2132b - -69?
21394
In base 13, what is 1 + -150568?
-150567
In base 15, what is -3 + -cd15d8?
-cd15db
In base 15, what is 0 - 29381a?
-29381a
In base 11, what is -56 - -a72075?
a7201a
In base 3, what is 101210 - -1100022122021?
1100100001001
In base 3, what is 1001102212121210 - 2?
1001102212121201
In base 4, what is 3001332 - -213120?
3221112
In base 2, what is -10010101001010111 - -11101111010011?
-1110111010000100
In base 2, what is 10001000110110000 + 1011101110?
10001010010011110
In base 4, what is -21 + -1123033000?
-1123033021
In base 13, what is 21 - 5b5a4?
-5b583
In base 11, what is -10295 - -47?
-10249
In base 8, what is -21375251 + -1?
-21375252
In base 7, what is -1214104540 - -4?
-1214104533
In base 15, what is -16 - -e0c9d5?
e0c9be
In base 5, what is 111422 - -10303?
122230
In base 6, what is 4055 + -23034033?
-23025534
In base 3, what is 2002021210 - 11110?
2002010100
In base 11, what is 403595 + -a3?
4034a2
In base 12, what is -11475202 + -9?
-1147520b
In base 10, what is 14034086 + -2?
14034084
In base 8, what is 22420 - 24227?
-1607
In base 8, what is 747233 + 140?
747373
In base 6, what is -1354135321 - -4?
-1354135313
In base 16, what is 13 + b770?
b783
In base 12, what is -5297 - -18a02?
13727
In base 10, what is 7 + 1327394?
1327401
In base 6, what is 1 - -35300332?
35300333
In base 4, what is -11333302 - -13201?
-11320101
In base 10, what is 72020 - 857?
71163
In base 15, what is 32d488 - -4b?
32d4d4
In base 10, what is 7205608 - -2?
7205610
In base 4, what is -13 - 12123102310?
-12123102323
In base 8, what is 44535 + -553?
43762
In base 3, what is 11221111101 + 101002120?
12022120221
In base 5, what is -224414020 + 1042?
-224412423
In base 10, what is 1212963 + 42?
1213005
In base 15, what is -52294 - 2e?
-522c3
In base 13, what is 44 - -11228?
1126c
In base 8, what is 267126471 - -3?
267126474
In base 12, what is -3 - 1867665?
-1867668
In base 4, what is 3010311210 + -23?
3010311121
In base 10, what is 4 - 3649223?
-3649219
In base 15, what is -494b6 - -21?
-49495
In base 5, what is -121 - -2343442?
2343321
In base 8, what is -165270 + 1102?
-164166
In base 10, what is 2 - 1517012?
-1517010
In base 5, what is 10222200 - -210041?
10432241
In base 11, what is -3 + 1897033?
1897030
In base 9, what is 36221 - 7?
36213
In base 9, what is 7 + -55020312?
-55020304
In base 11, what is -845 - -a076?
9331
In base 13, what is -85c7 - 419?
-8a13
In base 7, what is 15 - -2312233?
2312251
In base 11, what is 3462931 + 3?
3462934
In base 7, what is 33 + 14563044?
14563110
In base 12, what is -144263 + -2?
-144265
In base 14, what is -7332 - 921?
-7c53
In base 11, what is 101 - -3663028?
3663129
In base 3, what is 11211121210 + -111120?
11211010020
In base 10, what is 2 + -4220006?
-4220004
In base 11, what is 8868 - -1309?
a076
In base 10, what is -23350875 - 1?
-23350876
In base 7, what is 126561505 + 22?
126561530
In base 16, what is -9e - 2b123?
-2b1c1
In base 12, what is 3b216ab + 12?
3b21701
In base 3, what is -1001 - 11200002101?
-11200010102
In base 8, what is 3501051 + 63?
3501134
In base 12, what is 2a - -217164?
217192
In base 4, what is -101003 + 111321?
10312
In base 4, what is -3 + -12321210300?
-12321210303
In base 4, what is 1121121213 - 2220?
1121112333
In base 4, what is -23232011 + 300002?
-22332003
In base 6, what is 402 - 4032100?
-4031254
In base 10, what is -25013 - 53?
-25066
In base 10, what is -5 - -1669111?
1669106
In base 11, what is 2894a7 + 5?
289501
In base 9, what is -528 - -72074?
71445
In base 10, what is 6656 + 85663?
92319
In base 4, what is -310110 - -1120120?
210010
In base 15, what is -7 + 1d66a?
1d663
In base 14, what is 271712 - 423?
2712cd
In base 16, what is 72b + 57b?
ca6
In base 15, what is -ea6d + 78?
-e9e5
In base 6, what is 1104503005 - -15?
1104503024
In base 2, what is -111011101100 + -10110101111100?
-11110001101000
In base 7, what is 1200 + -34553656?
-34552456
In base 10, what is 11118 + 6027?
17145
In base 10, what is 1 - 24480904?
-24480903
In base 11, what is -a62 + -404907?
-405869
In base 12, what is -223460 - -31?
-22342b
In base 12, what is 756 + -a562?
-9a08
In base 8, what is 15 + -2631253?
-2631236
In base 6, what is -1 + -20552444?
-20552445
In base 5, what is 24130 + 11431021?
12010201
In base 5, what is -32 + 223201004?
223200422
